3 + 4*h**2 - h + 1. Let y(c) = c**3 + 8*c**2 + 10*c + 10. Let q be y(-8). Let a = -67 - q. What is u(a)?
7
Let o(g) = 0*g + 4 - 4*g**2 - g**3 - 3*g + 0*g. Suppose -5*z + 3*h - 30 = -21, -4*z - 14 = h. What is o(z)?
4
Let s(q) be the second derivative of -q**4/12 + q**3/6 - 6*q**2 - 3*q - 3. Calculate s(0).
-12
Let p(c) = -2*c**3 + 4*c**2 - 4*c + 3. Let t = 66 + -21. Let n be -3 - -7*(-7 - -10). Let l be 10/t - (-32)/n. What is p(l)?
-5
Let i(s) = s + 8. Let r(j) = 0 - 1 + 2 - 2 + j. Let d be r(10). Let u = d + -14. Give i(u).
3
Let f(y) = -y**3 - 5*y**2 + 8*y + 9. Suppose 8*q = 5*q. Suppose 4*j - 2*r + 14 = q, -5*j + 5*r - r - 10 = 0. Calculate f(j).
-3
Let w(p) be the first derivative of 29 - p + 1/2*p**2. Give w(-6).
-7
Let n be (-2)/12*4 - 64/(-24). Suppose 0 = -n*u - 7*u. Let s(q) = q**2 - 16. What is s(u)?
-16
Let f(g) = -g**3 + 16*g**2 - 48*g - 11. Let v be f(12). Let m(j) = j**3 + 11*j**2 + 3*j + 11. Calculate m(v).
-22
Let x = 254 - 260. Let k(t) = -t**2 - 9*t - 4. Determine k(x).
14
Let f(z) be the first derivative of -z**4/24 - z**3/3 + z**2/2 - 2. Let c(w) be the second derivative of f(w). Suppose -13*t + 14*t - 2 = 0. Give c(t).
-4
Let f(p) = 5*p**3 + 28*p**2 - 3*p + 16. Let l(r) = 3*r**3 + 19*r**2 - 2*r + 11. Let z be 16/40 + (-42)/5. Let d(n) = z*l(n) + 5*f(n). Calculate d(12).
4
Let k(p) = p**3 - 5*p**2 - 4*p - 8. Let b be k(6). Let c(j) = 14*j - 8*j**2 - b*j - 2 - 8*j - 3*j - j**3. What is c(-8)?
6
Suppose 5*w - 1 = -c, 4*c = -4*w + 19 + 1. Let g(k) be the first derivative of 2 + 4*k**2 - 8*k + 1/4*k**4 - 7/3*k**3. Give g(c).
4
Let k(o) be the first derivative of -o**4/4 + o**2 + 8*o + 9. Let d be k(0). Let h(t) = -t + 5. Calculate h(d).
-3
Let y be 51/(-12) + 4/16. Let j be (24/16)/(3/y). Let k(l) = -5*l - 3. Calculate k(j).
7
Suppose 0 = -2*q - 2 - 2. Let y(h) = -8*h**2 + 3*h + 5. Give y(q).
-33
Let h(v) be the first derivative of -v**4/4 + 2*v**3 - 7*v**2/2 + 52. Suppose -n + 6 = 1. Calculate h(n).
-10
Let a(o) be the third derivative of o**5/30 - o**4/6 - o**3/6 - 10*o**2 + 1. Give a(3).
5
Let v be (-46)/(-23) - (-1 - 12). Suppose -3*f - f - 5*i - v = 0, -i + 16 = -3*f. Let m(c) = -c**3 - 4*c**2 + 3*c - 1. Calculate m(f).
9
Let u(x) = -x**3 + 8*x**2 + 9*x + 2. Let z be u(9). Let v be (-2 - -1 - 1) + z. Let n(l) be the first derivative of -l**4/4 + l**3/3 + 2*l - 27. What is n(v)?
2
Let y(j) be the third derivative of -j**7/2520 - j**6/180 - j**5/60 - 5*j**4/12 - 7*j**2. Let z(u) be the second derivative of y(u). Determine z(-5).
-7
Let d(w) = -w**3 + 3*w**2 + 4*w - 4. Let i be d(3). Suppose 13*o - 15*o + i = 0. Let f(l) = l**2 - 3*l + 2. Determine f(o).
6
Let s(i) = 6*i**2 + 6*i + 3*i**3 + 2 + 5*i**3 + 6*i**3 - 15*i**3. Let c be 1 + 2/3*9. What is s(c)?
-5
Let s(z) be the first derivative of -7*z**6/120 + z**5/60 - z**4/24 + z**3/6 - 9*z**2 + 5. Let l(f) be the second derivative of s(f). Determine l(1).
-6
Suppose -o - p = 3, 3*p = 4 - 7. Let t(r) = 4*r + 1. Give t(o).
-7
Let c(z) = z**3 + 14*z**2 + 8. Let h(k) = -k**3 - 13*k**2 - k - 7. Let x(a) = -6*c(a) - 7*h(a). What is x(-5)?
16
Let f(j) = -2*j + 6. Let l(r) = 6*r - 9. Let u be l(4). Let i(s) = -s + 20. Let n be i(u). Calculate f(n).
-4
Suppose 2*y + 9 = -3. Let s(p) = -6*p + 1. Let f(b) = -23*b + 15. Let l(t) = f(t) - 4*s(t). Determine l(y).
5
Let s be (4/5 - 1) + (-48)/(-15). Let w(p) = -p**2 + 4*p + 2. Let x be w(4). Let m(v) = -4 + 3*v**2 + x*v**2 + 2*v - 6*v**2. What is m(s)?
-7
Let h(l) = 5*l**3 + 11*l**2 + 2*l - 2. Let w(x) = 9*x**3 + 21*x**2 + 4*x - 5. Let z(q) = -7*h(q) + 4*w(q). Let m be (0 - 4) + -3*8/12. Determine z(m).
18
Let u(m) be the second derivative of 0*m**3 + 0*m**2 - 14*m - 1/12*m**4 + 3. Calculate u(2).
-4
Let a(g) = g - 1. Let r = 84 - 56. Suppose -u = -3*x + 16, 6*x - 5*u = 4*x + r. Let b be -1 - x - (-9 - -7). Calculate a(b).
-4
Let p(a) = -a + 4*a - 9 + 6. Let n(d) = -3*d - 7. Let g be n(-3). Calculate p(g).
3
Let w(i) be the first derivative of -7*i**2/2 + 2. Suppose -10*m - 50 = -5*m. Let q be (-9)/(-15) - (-16)/m. Determine w(q).
7
Let h = -110 + 114. Let v(t) = -t**2 + t + 2. Determine v(h).
-10
Let r(g) = 3*g**2 - 16*g + 11. Let b be r(4). Let h(p) = 4*p + 17. Determine h(b).
-3
Let z(g) = -3*g**2 - 4*g + 3. Let f(b) = 7*b**2 + 7*b - 5. Let i(t) = 3*f(t) + 5*z(t). Let k = -47 + 44. Let c be k + 5*2/10*2. Give i(c).
5
Let c(s) = s**3 + 9*s**2 + 11*s + 3. Let h = -136 + 128. What is c(h)?
-21
Let x(i) = 2*i + 3. Let g(z) = -z - 2. Let u(h) = 4*g(h) + 3*x(h). Let b(c) = 3*c**2 + 7*c + 7. Let k be b(-1). Determine u(k).
7
Let i(b) = b**3 - 10*b**2 + 18*b - 8. Let m = -2 + 10. Determine i(m).
8
Let s(o) be the third derivative of 2*o**5/15 - o**4/6 - o**3/2 + 4*o**2 + 95. Give s(-2).
37
Let l(s) be the second derivative of -s**3 + 3*s**2/2 - 3*s - 2. What is l(-2)?
15
Let b(m) be the first derivative of m**4/4 - m**3/3 + 2*m**2 - 5*m - 310. What is b(3)?
25
Let x be 1/(-5)*-5 + (-14)/(-2). Suppose -6*y = -y - l + 13, y = 2*l - x. Let j(w) = -w**2 + w + 2. Give j(y).
-4
Let s(p) be the first derivative of p**4/4 + 2*p**3/3 - 4*p**2 + 6*p - 918. Give s(-4).
6
Let a be 4/12 + ((-832)/12)/(-8). Let g(y) = y**3 - 8*y**2 - 4*y - 20. What is g(a)?
25
Let i(s) = s - 15. Let z = 350 + -336. What is i(z)?
-1
Let x(z) = 2*z**2 + 3*z - 14. Let w(q) = q**2 - q - 2. Let b(p) = -3*w(p) + x(p). Calculate b(0).
-8
Let v(a) = a + 7. Let p be v(-6). Let y(u) = -8*u + 6*u + u + 9*u. Give y(p).
8
Let s(y) = 0*y + y - 314 + 310. Determine s(-6).
-10
Let j(k) = -k**2 - k + 6. Let r be j(-4). Let q(a) = 15*a + 1 + 1 - 16*a + 5. Calculate q(r).
13
Let p be (1/(-2))/(1/14). Let m(x) be the first derivative of x**4/4 + 2*x**3 - 3*x**2 + 9*x + 1. Give m(p).
2
Let p(n) = 9*n - 12. Let h(i) = -14*i + 1 + 20*i - 24 + 11*i. Let d(q) = 6*h(q) - 11*p(q). Calculate d(6).
12
Let u(d) = -d**2 + 2*d - 1. Suppose -3*r + 50 = -4*m, 4*m + 5*r + 10 = -56. Let i = -13 - m. Calculate u(i).
0
Let p(f) = -2*f**2 - 5*f - 3. Let m = 27 - 26. Let o be m - (-1 - (-3 + -2)). What is p(o)?
-6
Let o = 337 + -341. Let i(s) = s**3 + 5*s**2 + s - 11. What is i(o)?
1
Suppose 2*p + 153 = 365. Let j = -102 + p. Let t(i) = i**3 - 2*i**2 - 3*i - 1. Determine t(j).
19
Let m(p) = 21636*p**2 + 6 - 21635*p**2 + 8*p - 2. Suppose 0 = -3*i - 24. What is m(i)?
4
Let j(i) = 4*i + 6. Let c be (84 + -3)/(-3) - -1. Let b(o) = -17*o - 25. Let q(n) = c*j(n) - 6*b(n). Let m = 57 + -63. Calculate q(m).
6
Suppose -2*a + 20 = 4. Let r(s) = s**2 - 10*s + 10. Let h be r(a). Let i(z) = z + 8. Determine i(h).
2
Let m = 4 + -3. Let y(j) = -5*j. Let z(l) = 2*l. Let k(x) = 4*y(x) + 9*z(x). What is k(m)?
-2
Suppose -2*z = -2, -2*n + 6*n + 5*z = 17. Suppose 0 = -5*x + n*x + 8. Suppose -s - 3*v = 2*v - 27, 26 = 3*s + x*v. Let t(j) = -6*j + 3. Determine t(s).
-9
Let y(v) = -19*v**3 + v**2 + v - 1. Let o(n) = 8*n - 207. Let u be o(26). Calculate y(u).
-18
Let t(z) be the first derivative of -z**2/2 - 8. Suppose -5*h + 4 = -4*h. Give t(h).
-4
Let q(j) = -4 - 6*j**2 + 3*j**2 - j - j - 2*j. Calculate q(-3).
-19
Let z(m) be the first derivative of -m**4/2 - m**3/3 + m**2/2 - m - 8. Let c(k) = k**2 + 0 - 6*k + 1 + 0*k**2. Let u be c(6). Determine z(u).
-3
Let o(f) be the third derivative of -f**5/4 + f**4/24 + f**3/6 + 484*f**2. What is o(-1)?
-15
Let o be (-7 - -6 - -10) + -5. Let u(p) be the second derivative of -1/6*p**4 - 2*p + 0*p**2 - 2/3*p**3 + 0 + 1/20*p**5. Calculate u(o).
16
Let c(f) = -f**2 + 7*f - 4. Suppose -x = -0*x - 2. Suppose r - 4 + x = 3*t, 5*t + 6 = 3*r. Suppose -i = -4*n + 16, -r*n + i - 20 = -7*n. Calculate c(n).
8
Let u(c) = c**2 + 15*c + 21. Let a be u(-14). Suppose 0 = 5*f - 2 + a. Let m(r) = -23*r**3 + r**2 + 2*r + 1. Give m(f).
23
Let a(f) = -3*f + 29. Let z be a(10). Let b(k) = 0*k + 4*k + 2*k. Calculate b(z).
-6
Let b(x) = -x**2 + x + 22. Let l be b(-3). Let m(k) = -k**2 + 9*k + 10. Determine m(l).
0
Suppose -3*v - 2*d + 10 = 0, v - 2*d - 32 = -3*v. Suppose -v*z + 2*z = 80. Let g be ((-5)/z)/((-4)/(-16)). Let p(b) = -4*b + 1. Calculate p(g).
-3
Let n(c) = -3*c - 17. Let s(r) = -2*r - 11. Let p(t) = 5*n(t) - 8*s(t). Suppose 5*q = 3*q + 8. Suppose -2*o - 6 = 5*w, 2*w + 2*o + q = -2. What is p(w)?
3
Let r = 6 - 4. Let b(f) = f + 6 + 9 - 27 + 10. Give b(r).
0
Let l(c) = 6*c**3 + 1. Suppose -2*q - q = -3. Le